{"id":87,"date":"2022-09-23T17:27:58","date_gmt":"2022-09-23T15:27:58","guid":{"rendered":"https:\/\/welcometomyzoo.com\/univers\/?page_id=87"},"modified":"2022-09-23T17:27:59","modified_gmt":"2022-09-23T15:27:59","slug":"meuhn","status":"publish","type":"page","link":"https:\/\/welcometomyzoo.com\/univers\/meuhn\/","title":{"rendered":"Meuhn"},"content":{"rendered":"\n<div class=\"wp-container-3 wp-block-columns 2cols-toute-largeur\">\n<div class=\"wp-container-1 wp-block-column\">\n<figure class=\"wp-block-image size-full img-left-2cols\"><img loading=\"lazy\" width=\"741\" height=\"995\" src=\"http:\/\/welcometomyzoo.com\/univers\/wp-content\/uploads\/2021\/01\/meuhn_03.jpg\" alt=\"\" class=\"wp-image-19\" srcset=\"https:\/\/welcometomyzoo.com\/univers\/wp-content\/uploads\/2021\/01\/meuhn_03.jpg 741w, https:\/\/welcometomyzoo.com\/univers\/wp-content\/uploads\/2021\/01\/meuhn_03-223x300.jpg 223w, https:\/\/welcometomyzoo.com\/univers\/wp-content\/uploads\/2021\/01\/meuhn_03-400x537.jpg 400w\" sizes=\"(max-width: 741px) 100vw, 741px\" \/><\/figure>\n<\/div>\n\n\n\n<div class=\"wp-container-2 wp-block-column\">\n<h2>Welcome To My Zoo<\/h2>\n\n\n\n<p class=\"has-text-color\" style=\"color:#b960b0\">PR\u00c9SENTE :<\/p>\n\n\n\n<h3>Meuhn<\/h3>\n\n\n\n<p class=\"has-text-color\" style=\"color:#b960b0\">DANS :<\/p>\n\n\n\n<h4>\u00ab&nbsp;Le G\u00e9ant des Flandres \u00bb<\/h4>\n\n\n\n<p>\u00ab&nbsp;Meuhn&nbsp;\u00bb vit avec sa colonie sous terre pr\u00e8s des poches magmatiques. \u00e0 la surface, un matin dans une r\u00e9gion de france, la Flandre, les humains d\u00e9couvrent d\u2019\u00e9tranges traces\u2026<\/p>\n\n\n\n<p class=\"has-text-color\" style=\"color:#b960b0\">A \u00c9T\u00c9 VU :<\/p>\n\n\n\n<figure class=\"wp-block-image size-full img-right-2cols\"><img loading=\"lazy\" width=\"657\" height=\"572\" src=\"http:\/\/welcometomyzoo.com\/univers\/wp-content\/uploads\/2021\/01\/meuhn_06.jpg\" alt=\"\" class=\"wp-image-18\" srcset=\"https:\/\/welcometomyzoo.com\/univers\/wp-content\/uploads\/2021\/01\/meuhn_06.jpg 657w, https:\/\/welcometomyzoo.com\/univers\/wp-content\/uploads\/2021\/01\/meuhn_06-300x261.jpg 300w, https:\/\/welcometomyzoo.com\/univers\/wp-content\/uploads\/2021\/01\/meuhn_06-400x348.jpg 400w\" sizes=\"(max-width: 657px) 100vw, 657px\" \/><\/figure>\n<\/div>\n<\/div>\n","protected":false},"excerpt":{"rendered":"<p>Welcome To My Zoo PR\u00c9SENTE : Meuhn DANS : \u00ab&nbsp;Le G\u00e9ant des Flandres \u00bb \u00ab&nbsp;Meuhn&nbsp;\u00bb vit avec sa colonie sous terre pr\u00e8s des poches magmatiques. \u00e0 la surface,&hellip;<\/p>\n","protected":false},"author":1,"featured_media":0,"parent":0,"menu_order":0,"comment_status":"closed","ping_status":"closed","template":"template-full-width.php","meta":[],"yoast_head":"<!-- This site is optimized with the Yoast SEO plugin v16.2 - https:\/\/yoast.com\/wordpress\/plugins\/seo\/ -->\n<title>Meuhn - WELCOME TO MY ZOO<\/title>\n<meta name=\"robots\" content=\"index, follow, max-snippet:-1, max-image-preview:large, max-video-preview:-1\" \/>\n<link rel=\"canonical\" href=\"https:\/\/welcometomyzoo.com\/univers\/meuhn\/\" \/>\n<meta property=\"og:locale\" content=\"fr_FR\" \/>\n<meta property=\"og:type\" content=\"article\" \/>\n<meta property=\"og:title\" content=\"Meuhn - WELCOME TO MY ZOO\" \/>\n<meta property=\"og:description\" content=\"Welcome To My Zoo PR\u00c9SENTE : Meuhn DANS : \u00ab&nbsp;Le G\u00e9ant des Flandres \u00bb \u00ab&nbsp;Meuhn&nbsp;\u00bb vit avec sa colonie sous terre pr\u00e8s des poches magmatiques. \u00e0 la surface,&hellip;\" \/>\n<meta property=\"og:url\" content=\"https:\/\/welcometomyzoo.com\/univers\/meuhn\/\" \/>\n<meta property=\"og:site_name\" content=\"WELCOME TO MY ZOO\" \/>\n<meta property=\"article:modified_time\" content=\"2022-09-23T15:27:59+00:00\" \/>\n<meta property=\"og:image\" content=\"http:\/\/welcometomyzoo.com\/univers\/wp-content\/uploads\/2021\/01\/meuhn_03.jpg\" \/>\n<meta name=\"twitter:card\" content=\"summary_large_image\" \/>\n<meta name=\"twitter:label1\" content=\"Dur\u00e9e de lecture est.\">\n\t<meta name=\"twitter:data1\" content=\"1 minute\">\n<script type=\"application\/ld+json\" class=\"yoast-schema-graph\">{\"@context\":\"https:\/\/schema.org\",\"@graph\":[{\"@type\":\"WebSite\",\"@id\":\"https:\/\/welcometomyzoo.com\/univers\/#website\",\"url\":\"https:\/\/welcometomyzoo.com\/univers\/\",\"name\":\"WELCOME TO MY ZOO\",\"description\":\"North&#039;s Childs.\",\"potentialAction\":[{\"@type\":\"SearchAction\",\"target\":\"https:\/\/welcometomyzoo.com\/univers\/?s={search_term_string}\",\"query-input\":\"required name=search_term_string\"}],\"inLanguage\":\"fr-FR\"},{\"@type\":\"ImageObject\",\"@id\":\"https:\/\/welcometomyzoo.com\/univers\/meuhn\/#primaryimage\",\"inLanguage\":\"fr-FR\",\"url\":\"\",\"contentUrl\":\"\"},{\"@type\":\"WebPage\",\"@id\":\"https:\/\/welcometomyzoo.com\/univers\/meuhn\/#webpage\",\"url\":\"https:\/\/welcometomyzoo.com\/univers\/meuhn\/\",\"name\":\"Meuhn - WELCOME TO MY ZOO\",\"isPartOf\":{\"@id\":\"https:\/\/welcometomyzoo.com\/univers\/#website\"},\"primaryImageOfPage\":{\"@id\":\"https:\/\/welcometomyzoo.com\/univers\/meuhn\/#primaryimage\"},\"datePublished\":\"2022-09-23T15:27:58+00:00\",\"dateModified\":\"2022-09-23T15:27:59+00:00\",\"breadcrumb\":{\"@id\":\"https:\/\/welcometomyzoo.com\/univers\/meuhn\/#breadcrumb\"},\"inLanguage\":\"fr-FR\",\"potentialAction\":[{\"@type\":\"ReadAction\",\"target\":[\"https:\/\/welcometomyzoo.com\/univers\/meuhn\/\"]}]},{\"@type\":\"BreadcrumbList\",\"@id\":\"https:\/\/welcometomyzoo.com\/univers\/meuhn\/#breadcrumb\",\"itemListElement\":[{\"@type\":\"ListItem\",\"position\":1,\"item\":{\"@type\":\"WebPage\",\"@id\":\"https:\/\/welcometomyzoo.com\/univers\/\",\"url\":\"https:\/\/welcometomyzoo.com\/univers\/\",\"name\":\"Accueil\"}},{\"@type\":\"ListItem\",\"position\":2,\"item\":{\"@id\":\"https:\/\/welcometomyzoo.com\/univers\/meuhn\/#webpage\"}}]}]}<\/script>\n<!-- \/ Yoast SEO plugin. -->","_links":{"self":[{"href":"https:\/\/welcometomyzoo.com\/univers\/wp-json\/wp\/v2\/pages\/87"}],"collection":[{"href":"https:\/\/welcometomyzoo.com\/univers\/wp-json\/wp\/v2\/pages"}],"about":[{"href":"https:\/\/welcometomyzoo.com\/univers\/wp-json\/wp\/v2\/types\/page"}],"author":[{"embeddable":true,"href":"https:\/\/welcometomyzoo.com\/univers\/wp-json\/wp\/v2\/users\/1"}],"replies":[{"embeddable":true,"href":"https:\/\/welcometomyzoo.com\/univers\/wp-json\/wp\/v2\/comments?post=87"}],"version-history":[{"count":1,"href":"https:\/\/welcometomyzoo.com\/univers\/wp-json\/wp\/v2\/pages\/87\/revisions"}],"predecessor-version":[{"id":88,"href":"https:\/\/welcometomyzoo.com\/univers\/wp-json\/wp\/v2\/pages\/87\/revisions\/88"}],"wp:attachment":[{"href":"https:\/\/welcometomyzoo.com\/univers\/wp-json\/wp\/v2\/media?parent=87"}],"curies":[{"name":"wp","href":"https:\/\/api.w.org\/{rel}","templated":true}]}}